number?
False
Is 129887 a composite number?
False
Is 238219 prime?
False
Is 221777 a prime number?
False
Is 6953 composite?
True
Is 1203 prime?
False
Is 1213 composite?
False
Is 112345 prime?
False
Is 2290143 prime?
False
Is 4424935 composite?
True
Is 75431 prime?
True
Is 14941 a prime number?
False
Is 11995 a composite number?
True
Is 333563 prime?
True
Is 127811 prime?
False
Is 203 a prime number?
False
Is 16129 a composite number?
True
Is 78691 a prime number?
True
Is 12017 composite?
True
Is 24607 composite?
True
Is 528951 a composite number?
True
Is 1069 a composite number?
False
Is 75571 a composite number?
False
Is 1439673 a composite number?
True
Is 554377 a prime number?
True
Is 750983 a composite number?
False
Is 109502 composite?
True
Is 352301 prime?
True
Is 358499 a prime number?
True
Is 9739 a prime number?
True
Is 5051 a prime number?
True
Is 26371 prime?
True
Is 21911 composite?
False
Is 5351 prime?
True
Is 15253 prime?
False
Is 3861557 composite?
True
Is 117953 a composite number?
True
Is 12013 composite?
True
Is 10135 a prime number?
False
Is 103409 a prime number?
True
Is 298477 prime?
True
Is 273317 a composite number?
True
Is 4987 a composite number?
False
Is 1846159 a prime number?
False
Is 246443 composite?
True
Is 1679 prime?
False
Is 347 prime?
True
Is 1150301 a composite number?
False
Is 3041 a prime number?
True
Is 38923 a prime number?
True
Is 427513 a composite number?
False
Is 34211 composite?
False
Is 6635 a composite number?
True
Is 31531 prime?
True
Is 34851 prime?
False
Is 507137 a composite number?
False
Is 176321 prime?
True
Is 663427 a prime number?
False
Is 280837 composite?
False
Is 519 a prime number?
False
Is 34807 prime?
True
Is 14681 prime?
False
Is 27271 a prime number?
True
Is 4409 prime?
True
Is 1792133 composite?
True
Is 20593 a composite number?
False
Is 28729 prime?
True
Is 33149 prime?
True
Is 2729017 composite?
False
Is 90955 a composite number?
True
Is 146891 prime?
True
Is 31957 prime?
True
Is 19841 a prime number?
True
Is 1505467 prime?
False
Is 145573 a prime number?
False
Is 89041 a composite number?
False
Is 14351 prime?
False
Is 22603 prime?
False
Is 83337 a composite number?
True
Is 689 a composite number?
True
Is 140923 composite?
True
Is 5147 a composite number?
False
Is 24907 prime?
True
Is 25837 a prime number?
False
Is 9733 a prime number?
True
Is 1707 a prime number?
False
Is 1473 a prime number?
False
Is 8654 a prime number?
False
Is 222061 composite?
True
Is 2579 prime?
True
Is 17651 prime?
False
Is 102743 composite?
True
Is 79967 a composite number?
False
Is 1186381 prime?
False
Is 94729 composite?
True
Is 11393 composite?
False
Is 240221 composite?
True
Is 217727 composite?
False
Is 183 a prime number?
False
Is 6353 composite?
False
Is 265435 a composite number?
True
Is 1463303 a prime number?
True
Is 2752001 a prime number?
False
Is 2545619 prime?
True
Is 3203 prime?
True
Is 12817 a composite number?
True
Is 76333 composite?
False
Is 279073 a composite number?
False
Is 232129 a composite number?
False
Is 294347 prime?
True
Is 7909 composite?
True
Is 3433 composite?
False
Is 38751 a prime number?
False
Is 16183 a prime number?
True
Is 2099 a prime number?
True
Is 11113 a composite number?
False
Is 6751 a prime number?
False
Is 5195 prime?
False
Is 6059 composite?
True
Is 787 prime?
True
Is 702173 a composite number?
False
Is 90385 a prime number?
False
Is 21863 a prime number?
True
Is 10113 a prime number?
False
Is 457367 a prime number?
True
Is 642613 prime?
True
Is 123749 composite?
True
Is 830121 composite?
True
Is 216131 a prime number?
False
Is 184201 prime?
False
Is 2291 a composite number?
True
Is 9517 a composite number?
True
Is 270071 prime?
True
Is 120643 composite?
True
Is 15133 composite?
True
Is 713 a composite number?
True
Is 9173 a composite number?
False
Is 691 composite?
False
Is 14941 a prime number?
False
Is 5077 a composite number?
False
Is 363233 prime?
False
Is 4853 a composite number?
True
Is 61871 prime?
True
Is 223121 prime?
False
Is 38113 a prime number?
True
Is 3686126 a prime number?
False
Is 455767 a prime number?
False
Is 66553 composite?
False
Is 97687 a composite number?
False
Is 43343 prime?
False
Is 1169947 prime?
False
Is 1693529 composite?
False
Is 30633 a composite number?
True
Is 995123 a composite number?
True
Is 5127 composite?
True
Is 9293 prime?
True
Is 76801 a prime number?
True
Is 2167703 composite?
False
Is 1550531 composite?
True
Is 28213 composite?
True
Is 137023 composite?
True
Is 36037 composite?
False
Is 5779 a composite number?
False
Is 193699 a composite number?
True
Is 413398 a prime number?
False
Is 212353 a composite number?
False
Is 70769 a composite number?
False
Is 170359 prime?
False
Is 40435 a composite number?
True
Is 409217 prime?
True
Is 34171 a prime number?
True
Is 4319 composite?
True
Is 11402 a composite number?
True
Is 9029 prime?
True
Is 21 a prime number?
False
Is 6537 a composite number?
True
Is 66083 composite?
False
Is 2111 a composite number?
False
Is 123167 composite?
True
Is 66553 prime?
True
Is 2939 composite?
False
Is 5969 prime?
False
Is 47413 a composite number?
True
Is 12185 prime?
False
Is 18701 a prime number?
True
Is 60181 a composite number?
True
Is 502969 a composite number?
True
Is 48997 prime?
False
Is 441589 composite?
True
Is 10151 a composite number?
False
Is 237427 composite?
True
Is 51893 prime?
True
Is 150547 a composite number?
True
Is 166587 composite?
True
Is 3299 prime?
True
Is 8999 prime?
True
Is 3907 a prime number?
True
Is 95801 prime?
True
Is 2333 prime?
True
Is 6953 a composite number?
True
Is 34951 a composite number?
True
Is 55331 a prime number?
True
Is 6159 prime?
False
Is 4006581 prime?
False
Is 7121 a composite number?
False
Is 12793 a prime number?
False
Is 1890373 composite?
False
Is 96098 prime?
False
Is 157 a composite number?
False
Is 7387 composite?
True
Is 1709 composite?
False
Is 2491 a prime number?
False
Is 20621 composite?
True
Is 1011 a prime number?
False
Is 3299 composite?
False
Is 6233 a composite number?
True
Is 14047 a prime number?
False
Is 30631 a prime number?
True
Is 137903 prime?
False
Is 24281 a composite number?
False
Is 29147 composite?
False
Is 1237949 composite?
False
Is 116351 prime?
True
Is 2391 composite?
True
Is 11133697 a composite number?
False
Is 9407 a prime number?
False
Is 520649 prime?
True
Is 51293 composite?
True
Is 398527 a prime number?
False
Is 2119 a prime number?
False
Is 938969 prime?
True
Is 1074559 composite?
False
Is 2623119 a prime number?
False
Is 30547 prime?
False
Is 214765 a composite number?
True
Is 10297 prime?
False
Is 122527 a prime number?
True
Is 614 a composite number?
True
Is 879933 a composite number?
True
Is 51149 prime?
False
Is 1078787 composite?
False
Is 320681 a composite number?
True
Is 4861 prime?
True
Is 598777 composite?
False
Is 6609 a prime number?
False
Is 54751 a prime number?
True
Is 2251 prime?
True
Is 115873 composite?
False
Is 105899 a prime number?
True
Is 259 composite?
True
Is 19973 composite?
False
Is 34019 composite?
False
Is 364171 prime?
True
Is 4871 prime?
True
Is 31957 a composite number?
False
Is 127 prime?
True
Is 3805 prime?
False
Is 156347 composite?
False
Is 209419 composite?
True
Is 79877 a prime number?
False
Is 6947 a composite number?
False
Is 358 prime?
False
Is 8903 a composite number?
True
Is 193449 composite?
True
Is 248033 a prime number?
True
Is 16817 a prime number?
False
Is 82153 a prime number?
True
Is 154523 a prime number?
True
Is 16769 prime?
False
Is 216751 prime?
True
Is 28195 prime?
False
Is 38173 a prime number?
False
Is 15299 prime?
True
Is 26591 prime?
True
Is 3175343 a prime number?
True
Is 1439 a composite number?
False
Is 29518 a prime number?
False
Is 7367 prime?
False
Is 19289 a composite number?
False
Is 57107 a prime number?
True
Is 125277 a prime number?
False
Is 327571 composite?
False
Is 767 a prime number?
False
Is 109955 composite?
True
Is 21851 a prime number?
True
Is 2328377 a composite number?
False
Is 315373 a prime number?
True
Is 20489 prime?
False
Is 72019 composite?
False
Is 4201 prime?
True
Is 1483121 a composite number?
True
Is 21547 prime?
False
Is 1263751 a prime number?
True
Is 889 composite?
True
Is 7753 prime?
True
Is 55379